 23
Suppose 0 = -3*s + 8*s + 5, -2*t - 5*s = 13. Let v = -4 - t. Suppose v = -4*f + 6*f - 32. List the prime factors of f.
2
Let g be (20/2 + -2)*(-6)/8. Let q = g + 60. List the prime factors of q.
2, 3
Let z(r) = -r**2 - 23*r - 32. Let u = -31 - -17. List the prime factors of z(u).
2, 47
Let r(v) = -8. Let k(u) = u - 1. Let n(x) = -k(x) + r(x). Let b be n(-9). What are the prime factors of b*(196/8 - 0)?
7
Let x be (93 + -6)*(-4)/(-6). Suppose 2*s + x = -26. List the prime factors of 88/3 - 28/s.
2, 3, 5
Let h = 3960 + -2704. Suppose 5*y = h + 99. What are the prime factors of y?
271
Suppose 3602 = 17*j - 750. List the prime factors of j.
2
Suppose 0 = 3*i + 2*z + 3, -3*i - i - 11 = 5*z. Let v(f) = -136*f - 2. Let y be v(i). Let o = y - -194. List the prime factors of o.
2, 7
What are the prime factors of (554/(-12))/((-4)/24*1)?
277
Let a = -238 + 342. Suppose 2*t = 4*l - a, -5*t = -l - 22 + 57. Suppose -l = -4*o + 59. What are the prime factors of o?
3, 7
Suppose -3*f + 2*d + 21 = 0, 5*f - d + 5*d = 13. Suppose -3*o + 6*o + f*j = 30, -5*j = -o + 30. What are the prime factors of o?
3, 5
List the prime factors of (-6)/(-2)*((-2425)/(-15) + -1).
2, 241
Let y = -159 - -168. List the prime factors of y.
3
Let r(i) be the third derivative of 3*i**4/8 + 31*i**3/6 + 2*i**2. Let c(z) = 5*z + 16. Let s(x) = -11*c(x) + 6*r(x). What are the prime factors of s(6)?
2
Let s be (6/9 - 4/(-3)) + 130. Suppose -2*i + 154 = -s. What are the prime factors of i?
11, 13
Let q = 8 - 3. Suppose q*s - 193 = 147. What are the prime factors of s?
2, 17
Let b = -27 - -68. Let d = -380 - -368. Let l = b + d. What are the prime factors of l?
29
Let m(t) = 15*t - 32. Let z be m(18). Let q = 424 - z. List the prime factors of q.
2, 3, 31
Let n(l) be the second derivative of -l**5/20 - l**4/2 + 11*l**3/6 + 19*l**2/2 + 8*l. What are the prime factors of n(-8)?
59
Let s = -1 - 6. Suppose -8*m + 77 = 85. List the prime factors of m*6/7*s.
2, 3
Let p(s) = -100*s - 179. Let k(b) = 50*b + 90. Let f(z) = 11*k(z) + 6*p(z). List the prime factors of f(-6).
2, 3
Let m = -668 + 784. List the prime factors of m.
2, 29
Let r(s) = -3*s**3 - 2*s**2 - s + 1. Let y be r(-3). Suppose 3*p = 5*v - 81, 5*v - y = -2*p - 2*p. What are the prime factors of v?
3, 5
Suppose 0 = 4*h + l - 0*l - 63, 13 = h + 3*l. Suppose -3*y + h = 13. What are the prime factors of (y - -50) + (16 - 12)?
5, 11
Suppose 12*n - 380 = 9*n + 4*w, -3*w - 255 = -2*n. List the prime factors of n.
2, 3, 5
Let o(y) = -32*y - 353. List the prime factors of o(-27).
7, 73
Let t = 39 - 24. List the prime factors of t + -2 + (-10)/5.
11
Let m(n) = -n**3 - 10*n**2 - 6*n + 8. Let y(d) = -10*d**2 - 2*d + 2. Let z be y(1). List the prime factors of m(z).
2, 17
Suppose -k + 3*o - 8*o = -9, -12 = -4*k + 4*o. Suppose -97 = -h - 3*t, 4*h - k*t - 409 - 27 = 0. List the prime factors of h.
2, 53
Let z(w) = 3*w**2 + 34*w + 11. Let x be z(-11). Suppose 4*l - 184 = -3*j, 0 = -x*l + 3*l - 5*j - 138. What are the prime factors of l?
2, 23
Let v(n) = 2*n**2 + 15*n + 17. Let d be v(-7). Suppose -d*x + 24 = -4*x. Let q(f) = 19*f + 1. List the prime factors of q(x).
7, 11
Let x be 3/4 - (-39)/12. Let k(h) = -13*h + 0 + x + 16*h. What are the prime factors of k(4)?
2
Let b be (-4)/3 - 8/12. Let x be ((-6)/(-4))/(b/(-4)). Let w = 1 + x. What are the prime factors of w?
2
Let t = 2 + 9. Suppose 2*x - 44 = 8*b - 3*b, 0 = -4*b - x - 30. Let w = t - b. What are the prime factors of w?
19
Let d be 714/54 + (-4)/18. Suppose 4*t = 5*t - d. List the prime factors of t.
13
Suppose 2*k = 4, 8*k - 5*k = -f + 934. List the prime factors of f.
2, 29
Suppose -n - 3 = n + 5*j, 0 = 3*n + 3*j - 9. Let d be n + ((-3)/3 - 0). Suppose -5*s = -d*z + 125, z + 4*z + 4*s = 170. List the prime factors of z.
2, 3, 5
Let k(d) be the first derivative of -d**4/4 + 3*d**3 + d**2/2 + 7*d - 6. Let q(p) = p**3 - 3*p**2 - 3*p + 5. Let n be q(4). What are the prime factors of k(n)?
2
Suppose 2*s - 955 = 5*b, 0 = -b - 4 + 3. What are the prime factors of s?
5, 19
Let s(z) = -z**2 + 2 + 6*z**2 - 3. Let m be s(2). Suppose 0 = -c - 6 + m. List the prime factors of c.
13
Suppose 0 = -6*y + y - 650. List the prime factors of (-17010)/y + (-4)/(-26).
131
Let o = 13 - 12. List the prime factors of -4 + 1*62/o.
2, 29
Let g(t) = 3*t - 5. Let z be g(4). Let r be 6*z/(-2)*-2. Suppose 0 = 2*i - r - 34. What are the prime factors of i?
2, 19
Let k be ((-20)/(-6))/((-4)/(-18)). Suppose -k*o = -14*o - 1. List the prime factors of (3*o)/((-1)/(-6)).
2, 3
Let q(u) = -171*u + 943. Let s be q(6). Suppose -5*l - 5*h = 215, 92 = -2*l - h - 3*h. Let r = l - s. What are the prime factors of r?
43
Let p = 54 - 54. Suppose 2*k - 2*v - 156 = -p*k, -2*k + 154 = -4*v. List the prime factors of k.
79
Suppose u + 4*u = 10. Suppose -u*z + 2 + 14 = 0. Let d = z - -38. List the prime factors of d.
2, 23
Suppose 37*y - 41*y = -2340. List the prime factors of y.
3, 5, 13
Let o = 22 + -22. Suppose 32 = -3*v + 4*j, -3*v - 22 = -o*v - 2*j. List the prime factors of 19 + -2 + 7 + v.
2, 5
Let w be 9/((-9)/(-4)) + -13. Let n(s) = -s**2 - 9*s + 5. Let b be n(w). Suppose j = -o - 3*o + 47, -5*j + b*o = -110. List the prime factors of j.
3
Suppose 312 = -3*m + 1167. Suppose -x - 5*a = -6*x + m, -a = -3. List the prime factors of x.
2, 3, 5
Suppose 0 = v - 4*v + 12. Suppose 6*r = 5*r + v. Suppose -4*p = 2*h, -h - 7 = r*p - 1. List the prime factors of h.
2, 3
Let w(s) = 3*s + 34. Suppose 0 = -14*z + 18*z. List the prime factors of w(z).
2, 17
Suppose -65 = -6*j - 371. Let h = j + 257. List the prime factors of h.
2, 103
Suppose -2*f + 5 + 1 = 0. Suppose 0 = -f*m - 3*s + 12, 0 = m + m + s - 12. Suppose -108 = -3*b + 2*v, m*b + 4*v = 3*b + 180. What are the prime factors of b?
2, 3
Let d = -103 - -208. What are the prime factors of d?
3, 5, 7
Suppose -b = 22*b - 8671. What are the prime factors of b?
13, 29
Let a be 4*(12/8 + -2). Let g = -20 + a. Let d = 43 + g. List the prime factors of d.
3, 7
Let q(h) = 2*h - 1. Let s be q(3). Let x = -26 + s. Let y = 33 + x. List the prime factors of y.
2, 3
Suppose k + 701 = 5*i, 4*i - 811 = 2*k - 249. List the prime factors of i.
2, 5, 7
Suppose -99 = 2*z - 5*z. Suppose z*l - 942 = 30*l. What are the prime factors of l?
2, 157
Suppose 3*m - 2*g - 6 = 0, 4*m = -g - 0*g + 8. Suppose 0 = -m*v + v + 55. What are the prime factors of v?
5, 11
Suppose 1158 = -5*j + 4*v - 2*v, 3*j = -4*v - 700. Let p = 335 + j. What are the prime factors of p?
103
Let b = -8 - -11. Suppose -b*s - 4 = -4*s. Suppose k = 16 + s. What are the prime factors of k?
2, 5
Let y be (-3 - 16/(-6))/(1/(-9)). Suppose 4*r + 2*h - 152 = 0, y*r + 2*h = 7*r - 152. What are the prime factors of r?
2, 19
Let x(m) = 19*m**2 - 9*m - 4. Let c be x(4). Suppose -24 = 3*z - c. List the prime factors of z.
2, 5
Suppose 2*p - v = 116, 35*p - 39*p = -3*v - 234. What are the prime factors of p?
3, 19
Let h = 1044 + -394. What are the prime factors of h?
2, 5, 13
Let m(t) = t**3 + 25*t**2 - 74*t - 8. What are the prime factors of m(-17)?
2, 13, 137
Suppose -8*x + 4 = -6*x. Let f be (-10)/(-2) + (x - 6). Suppose v + 4*r = 19, -2*v - f = -2*r - 9. List the prime factors of v.
7
Let x = 23 - -24. Let d = -11 + x. What are the prime factors of d?
2, 3
Suppose -342 = -i - 2*j, 3*j = -3 - 3. What are the prime factors of i?
2, 173
Suppose -7*g + 2056 = -3*g. Suppose 8*b - g = -18. List the prime factors of b.
2, 31
Suppose 5*f - 5*v - 2009 = 826, -2274 = -4*f + 2*v. List the prime factors of f.
2, 3, 5, 19
Let c = 5 + -3. Let o = 162 + -113. Suppose -c*x - 5*b = x - o, -4*x - 5*b = -57. List the prime factors of x.
2
Suppose i + 49 = 385. List the prime factors of i.
2, 3, 7
Suppose -245 = t - 5912. List the prime factors of t.
3, 1889
Suppose 14335 = 6*x - 13955. List the prime factors of x.
5, 23, 41
Suppose 5*v + 0*v - 10 = 0, c + v = 2. Suppose 2*n = -4*u + 55 + 9, c = 5*n - 5*u - 235. Suppose 2*i = 5*i - n. What are the prime factors of i?
2, 7
Let y(i) = -i - 4. Let c be y(-7). Let d(t) = -31 + 39 + t**2 - 2*t - c*t. List the prime factors of d(8).
2
Let j(d) = 34*d + 33. Let m be j(3). What are the prime factors of -1 + m - (3 - 2)?
7, 19
Suppose -3*j + 2901 = 5*t - 600, 2*t = -6. What are the prime factors of j?
2, 293
Let k = 1218 + -638